{"id":211,"date":"2019-03-26T21:32:24","date_gmt":"2019-03-26T20:32:24","guid":{"rendered":"https:\/\/landeselternverband.de\/?page_id=211"},"modified":"2022-02-18T22:04:00","modified_gmt":"2022-02-18T21:04:00","slug":"beruehmte-persoenlichkeiten","status":"publish","type":"page","link":"https:\/\/landeselternverband.de\/?page_id=211","title":{"rendered":"Ber\u00fchmte Pers\u00f6nlichkeiten"},"content":{"rendered":"\n<p>Nachfolgend m\u00f6chten wir dir gern Personen vorstellen, die geh\u00f6rlos oder h\u00f6rbehindert sind, die aber dennoch bekannt sind. Klick drauf und du erf\u00e4hrst mehr.<\/p>\n\n\n\n<p><a href=\"https:\/\/de.wikipedia.org\/wiki\/Christian_Rathmann\" target=\"_blank\" rel=\"noreferrer noopener\">Prof. Dr. Christian Rathmann<\/a> <\/p>\n\n\n\n<p><a href=\"https:\/\/www.ennopark.de\/\" target=\"_blank\" rel=\"noreferrer noopener\">Enno Park<\/a><\/p>\n\n\n\n<p><a href=\"https:\/\/de.wikipedia.org\/wiki\/Julia_Probst\" target=\"_blank\" rel=\"noreferrer noopener\">Julia Probst<\/a><\/p>\n\n\n\n<p><a href=\"https:\/\/de.wikipedia.org\/wiki\/Kassandra_Wedel\" target=\"_blank\" rel=\"noreferrer noopener\">Kassandra Wedel<\/a><\/p>\n\n\n\n<p><a href=\"https:\/\/notquitelikebeethoven.wordpress.com\/\" target=\"_blank\" rel=\"noreferrer noopener\">Alexander G\u00f6rsdorf<\/a><\/p>\n","protected":false},"excerpt":{"rendered":"<p>Nachfolgend m\u00f6chten wir dir gern Personen vorstellen, die geh\u00f6rlos oder h\u00f6rbehindert sind, die aber dennoch bekannt sind. Klick drauf und du erf\u00e4hrst mehr. Prof. Dr.&hellip;<\/p>\n<p> <a class=\"more-link\" href=\"https:\/\/landeselternverband.de\/?page_id=211\">Weiterlesen<\/a><\/p>\n","protected":false},"author":2,"featured_media":220,"parent":70,"menu_order":0,"comment_status":"closed","ping_status":"closed","template":"","meta":{"jetpack_post_was_ever_published":false,"footnotes":""},"class_list":["post-211","page","type-page","status-publish","has-post-thumbnail"],"jetpack_sharing_enabled":true,"jetpack_shortlink":"https:\/\/wp.me\/PaPRwJ-3p","jetpack-related-posts":[{"id":420,"url":"https:\/\/landeselternverband.de\/?page_id=420","url_meta":{"origin":211,"position":0},"title":"Engagiert &#8211; Karin Kestner","author":"Susann Harnisch","date":"8. Juli 2019","format":false,"excerpt":"Am 4. Juni 2019 ist Karin Kestner gestorben. Sie war eine gro\u00dfartige Frau, die sich f\u00fcr die Interessen der Geh\u00f6rlosen in unserer Gesellschaft stark gemacht hat. Vor allem f\u00fcr Kinder setzte sie sich ein. Sie entwickelte M\u00f6glichkeiten der Geb\u00e4rdensprachf\u00f6rderung durch den PC und sie stritt vor Gerichten gegen Zwangsimplantierungen und\u2026","rel":"","context":"\u00c4hnlicher Beitrag","block_context":{"text":"\u00c4hnlicher Beitrag","link":""},"img":{"alt_text":"","src":"https:\/\/i0.wp.com\/landeselternverband.de\/wp-content\/uploads\/2019\/06\/Kerze-e1559808800783.jpg?fit=1200%2C1087&ssl=1&resize=350%2C200","width":350,"height":200,"srcset":"https:\/\/i0.wp.com\/landeselternverband.de\/wp-content\/uploads\/2019\/06\/Kerze-e1559808800783.jpg?fit=1200%2C1087&ssl=1&resize=350%2C200 1x, https:\/\/i0.wp.com\/landeselternverband.de\/wp-content\/uploads\/2019\/06\/Kerze-e1559808800783.jpg?fit=1200%2C1087&ssl=1&resize=525%2C300 1.5x, https:\/\/i0.wp.com\/landeselternverband.de\/wp-content\/uploads\/2019\/06\/Kerze-e1559808800783.jpg?fit=1200%2C1087&ssl=1&resize=700%2C400 2x, https:\/\/i0.wp.com\/landeselternverband.de\/wp-content\/uploads\/2019\/06\/Kerze-e1559808800783.jpg?fit=1200%2C1087&ssl=1&resize=1050%2C600 3x"},"classes":[]},{"id":63,"url":"https:\/\/landeselternverband.de\/?page_id=63","url_meta":{"origin":211,"position":1},"title":"Datenschutzerkl\u00e4rung","author":"AdminLEV","date":"24. M\u00e4rz 2019","format":false,"excerpt":"Wer wir sind Die Adresse unserer Website ist: https:\/\/landeselternverband.de. Welche personenbezogenen Daten wir sammeln und warum wir sie sammeln Kommentare Wenn Besucher Kommentare auf der Website schreiben, sammeln wir die Daten, die im Kommentar-Formular angezeigt werden, au\u00dferdem die IP-Adresse des Besuchers und den User-Agent-String (damit wird der Browser identifiziert), um\u2026","rel":"","context":"\u00c4hnlicher Beitrag","block_context":{"text":"\u00c4hnlicher Beitrag","link":""},"img":{"alt_text":"","src":"https:\/\/i0.wp.com\/landeselternverband.de\/wp-content\/uploads\/2019\/03\/trent-erwin-338084-unsplash-e1552769760838-1.jpg?fit=1200%2C311&ssl=1&resize=350%2C200","width":350,"height":200,"srcset":"https:\/\/i0.wp.com\/landeselternverband.de\/wp-content\/uploads\/2019\/03\/trent-erwin-338084-unsplash-e1552769760838-1.jpg?fit=1200%2C311&ssl=1&resize=350%2C200 1x, https:\/\/i0.wp.com\/landeselternverband.de\/wp-content\/uploads\/2019\/03\/trent-erwin-338084-unsplash-e1552769760838-1.jpg?fit=1200%2C311&ssl=1&resize=525%2C300 1.5x, https:\/\/i0.wp.com\/landeselternverband.de\/wp-content\/uploads\/2019\/03\/trent-erwin-338084-unsplash-e1552769760838-1.jpg?fit=1200%2C311&ssl=1&resize=700%2C400 2x, https:\/\/i0.wp.com\/landeselternverband.de\/wp-content\/uploads\/2019\/03\/trent-erwin-338084-unsplash-e1552769760838-1.jpg?fit=1200%2C311&ssl=1&resize=1050%2C600 3x"},"classes":[]},{"id":80,"url":"https:\/\/landeselternverband.de\/?page_id=80","url_meta":{"origin":211,"position":2},"title":"Unsere Satzung","author":"AdminLEV","date":"24. M\u00e4rz 2019","format":false,"excerpt":"Wie jeder Verein haben wir eine Satzung. Ganz unten auf dieser Seite gibt es diese Version auch als PDF-Datei zum Herunterladen. (Fassung vom 18.11.2017) Pr\u00e4ambel Im Landeselternverband schlie\u00dfen sich Eltern geh\u00f6rloser und schwerh\u00f6riger Kinder und Jugendlicher sowie F\u00f6rderer zusammen, um gemeinsam die Belange der geh\u00f6rlosen und schwerh\u00f6rigen Kinder und Jugendlichen\u2026","rel":"","context":"\u00c4hnlicher Beitrag","block_context":{"text":"\u00c4hnlicher Beitrag","link":""},"img":{"alt_text":"","src":"https:\/\/i0.wp.com\/landeselternverband.de\/wp-content\/uploads\/2019\/03\/IMG_5168.jpg?fit=1200%2C900&ssl=1&resize=350%2C200","width":350,"height":200,"srcset":"https:\/\/i0.wp.com\/landeselternverband.de\/wp-content\/uploads\/2019\/03\/IMG_5168.jpg?fit=1200%2C900&ssl=1&resize=350%2C200 1x, https:\/\/i0.wp.com\/landeselternverband.de\/wp-content\/uploads\/2019\/03\/IMG_5168.jpg?fit=1200%2C900&ssl=1&resize=525%2C300 1.5x, https:\/\/i0.wp.com\/landeselternverband.de\/wp-content\/uploads\/2019\/03\/IMG_5168.jpg?fit=1200%2C900&ssl=1&resize=700%2C400 2x, https:\/\/i0.wp.com\/landeselternverband.de\/wp-content\/uploads\/2019\/03\/IMG_5168.jpg?fit=1200%2C900&ssl=1&resize=1050%2C600 3x"},"classes":[]},{"id":107,"url":"https:\/\/landeselternverband.de\/?page_id=107","url_meta":{"origin":211,"position":3},"title":"Impressum","author":"AdminLEV","date":"24. M\u00e4rz 2019","format":false,"excerpt":"Landeselternverband geh\u00f6rloser und schwerh\u00f6riger Kinder und Jugendlicher NRW e. V.Sunderplatz 745472 M\u00fclheim\/Ruhr E-Mail: info@landeselternverband.de Vertreten durch: Gesch\u00e4ftsf\u00fchrender Vorstand:1. Vorsitzender: Martin Magiera2. Vorsitzende: Liane BoyGesch\u00e4ftsf\u00fchrerin: Kira Kn\u00fchmann-StengelSchriftf\u00fchrerin: Susann Harnisch Registereintrag: Eingetragen im Vereinsregister.Registergericht: Amtsgericht EssenRegisternummer: VR 2280 Verantwortlich f\u00fcr den Inhalt (gem. \u00a7 55 Abs. 2 RStV): Susann HarnischBleek 447877 Willich\u2026","rel":"","context":"\u00c4hnlicher Beitrag","block_context":{"text":"\u00c4hnlicher Beitrag","link":""},"img":{"alt_text":"","src":"https:\/\/i0.wp.com\/landeselternverband.de\/wp-content\/uploads\/2019\/03\/trent-erwin-338084-unsplash-e1552769760838-1.jpg?fit=1200%2C311&ssl=1&resize=350%2C200","width":350,"height":200,"srcset":"https:\/\/i0.wp.com\/landeselternverband.de\/wp-content\/uploads\/2019\/03\/trent-erwin-338084-unsplash-e1552769760838-1.jpg?fit=1200%2C311&ssl=1&resize=350%2C200 1x, https:\/\/i0.wp.com\/landeselternverband.de\/wp-content\/uploads\/2019\/03\/trent-erwin-338084-unsplash-e1552769760838-1.jpg?fit=1200%2C311&ssl=1&resize=525%2C300 1.5x, https:\/\/i0.wp.com\/landeselternverband.de\/wp-content\/uploads\/2019\/03\/trent-erwin-338084-unsplash-e1552769760838-1.jpg?fit=1200%2C311&ssl=1&resize=700%2C400 2x, https:\/\/i0.wp.com\/landeselternverband.de\/wp-content\/uploads\/2019\/03\/trent-erwin-338084-unsplash-e1552769760838-1.jpg?fit=1200%2C311&ssl=1&resize=1050%2C600 3x"},"classes":[]}],"_links":{"self":[{"href":"https:\/\/landeselternverband.de\/index.php?rest_route=\/wp\/v2\/pages\/211","targetHints":{"allow":["GET"]}}],"collection":[{"href":"https:\/\/landeselternverband.de\/index.php?rest_route=\/wp\/v2\/pages"}],"about":[{"href":"https:\/\/landeselternverband.de\/index.php?rest_route=\/wp\/v2\/types\/page"}],"author":[{"embeddable":true,"href":"https:\/\/landeselternverband.de\/index.php?rest_route=\/wp\/v2\/users\/2"}],"replies":[{"embeddable":true,"href":"https:\/\/landeselternverband.de\/index.php?rest_route=%2Fwp%2Fv2%2Fcomments&post=211"}],"version-history":[{"count":5,"href":"https:\/\/landeselternverband.de\/index.php?rest_route=\/wp\/v2\/pages\/211\/revisions"}],"predecessor-version":[{"id":904,"href":"https:\/\/landeselternverband.de\/index.php?rest_route=\/wp\/v2\/pages\/211\/revisions\/904"}],"up":[{"embeddable":true,"href":"https:\/\/landeselternverband.de\/index.php?rest_route=\/wp\/v2\/pages\/70"}],"wp:featuredmedia":[{"embeddable":true,"href":"https:\/\/landeselternverband.de\/index.php?rest_route=\/wp\/v2\/media\/220"}],"wp:attachment":[{"href":"https:\/\/landeselternverband.de\/index.php?rest_route=%2Fwp%2Fv2%2Fmedia&parent=211"}],"curies":[{"name":"wp","href":"https:\/\/api.w.org\/{rel}","templated":true}]}}

Berühmte Persönlichkeiten

<p>Nachfolgend möchten wir dir gern Personen vorstellen, die gehörlos oder hörbehindert sind, die aber dennoch bekannt sind. Klick drauf und du erfährst mehr.</p>



<p><a href="https://de.wikipedia.org/wiki/Christian_Rathmann" target="_blank" rel="noreferrer noopener">Prof. Dr. Christian Rathmann</a> </p>



<p><a href="https://www.ennopark.de/" target="_blank" rel="noreferrer noopener">Enno Park</a></p>



<p><a href="https://de.wikipedia.org/wiki/Julia_Probst" target="_blank" rel="noreferrer noopener">Julia Probst</a></p>



<p><a href="https://de.wikipedia.org/wiki/Kassandra_Wedel" target="_blank" rel="noreferrer noopener">Kassandra Wedel</a></p>



<p><a href="https://notquitelikebeethoven.wordpress.com/" target="_blank" rel="noreferrer noopener">Alexander Görsdorf</a></p>

<p>Nachfolgend möchten wir dir gern Personen vorstellen, die gehörlos oder hörbehindert sind, die aber dennoch bekannt sind. Klick drauf und du erfährst mehr. Prof. Dr.&hellip;</p>
<p> <a class="more-link" href="https://landeselternverband.de/?page_id=211">Weiterlesen</a></p>

Am 4. Juni 2019 ist Karin Kestner gestorben. Sie war eine großartige Frau, die sich für die Interessen der Gehörlosen in unserer Gesellschaft stark gemacht hat. Vor allem für Kinder setzte sie sich ein. Sie entwickelte Möglichkeiten der Gebärdensprachförderung durch den PC und sie stritt vor Gerichten gegen Zwangsimplantierungen und…

Ähnlicher Beitrag

Datenschutzerklärung

24. März 2019

Wer wir sind Die Adresse unserer Website ist: https://landeselternverband.de. Welche personenbezogenen Daten wir sammeln und warum wir sie sammeln Kommentare Wenn Besucher Kommentare auf der Website schreiben, sammeln wir die Daten, die im Kommentar-Formular angezeigt werden, außerdem die IP-Adresse des Besuchers und den User-Agent-String (damit wird der Browser identifiziert), um…

Wie jeder Verein haben wir eine Satzung. Ganz unten auf dieser Seite gibt es diese Version auch als PDF-Datei zum Herunterladen. (Fassung vom 18.11.2017) Präambel Im Landeselternverband schließen sich Eltern gehörloser und schwerhöriger Kinder und Jugendlicher sowie Förderer zusammen, um gemeinsam die Belange der gehörlosen und schwerhörigen Kinder und Jugendlichen…

Landeselternverband gehörloser und schwerhöriger Kinder und Jugendlicher NRW e. V.Sunderplatz 745472 Mülheim/Ruhr E-Mail: info@landeselternverband.de Vertreten durch: Geschäftsführender Vorstand:1. Vorsitzender: Martin Magiera2. Vorsitzende: Liane BoyGeschäftsführerin: Kira Knühmann-StengelSchriftführerin: Susann Harnisch Registereintrag: Eingetragen im Vereinsregister.Registergericht: Amtsgericht EssenRegisternummer: VR 2280 Verantwortlich für den Inhalt (gem. § 55 Abs. 2 RStV): Susann HarnischBleek 447877 Willich…
