{"id":70,"date":"2019-03-24T09:47:26","date_gmt":"2019-03-24T09:47:26","guid":{"rendered":"http:\/\/landeselternverband.de\/?page_id=70"},"modified":"2019-03-26T19:41:16","modified_gmt":"2019-03-26T18:41:16","slug":"neues-entdecken","status":"publish","type":"page","link":"https:\/\/landeselternverband.de\/?page_id=70","title":{"rendered":"Neues entdecken"},"content":{"rendered":"\n<p>Es ist gut, wenn du dir Zeit nimmst, eine f\u00fcr dich vielleicht neue Welt zu entdecken. Nimm dir Zeit und schau dich um!<\/p>\n","protected":false},"excerpt":{"rendered":"<p>Es ist gut, wenn du dir Zeit nimmst, eine f\u00fcr dich vielleicht neue Welt zu entdecken. Nimm dir Zeit und schau dich um!<\/p>\n","protected":false},"author":1,"featured_media":193,"parent":0,"menu_order":0,"comment_status":"closed","ping_status":"closed","template":"","meta":{"jetpack_post_was_ever_published":false,"footnotes":""},"class_list":["post-70","page","type-page","status-publish","has-post-thumbnail"],"jetpack_sharing_enabled":true,"jetpack_shortlink":"https:\/\/wp.me\/PaPRwJ-18","jetpack-related-posts":[{"id":75,"url":"https:\/\/landeselternverband.de\/?page_id=75","url_meta":{"origin":70,"position":0},"title":"N\u00fctzliche Links","author":"AdminLEV","date":"24. M\u00e4rz 2019","format":false,"excerpt":"Vereine und Verb\u00e4nde: Taubenschlag, das deutsche Portal f\u00fcr Taube und Schwerh\u00f6rigeStadtverband der Geh\u00f6rlosen D\u00fcsseldorf Bundeselternverband geh\u00f6rloser Kinder Elternvereinigung h\u00f6rgesch\u00e4digter Kinder Hessen Sprach-Schatz - Bilinguale Bildung f\u00fcr h\u00f6rbehinderte Kinder und Familien Kultur Kindertheater in Geb\u00e4rden- und Lautsprache deaf5Sendungen der Mediatheken mit Geb\u00e4rdensprachdolmetschern","rel":"","context":"\u00c4hnlicher Beitrag","block_context":{"text":"\u00c4hnlicher Beitrag","link":""},"img":{"alt_text":"","src":"https:\/\/i0.wp.com\/landeselternverband.de\/wp-content\/uploads\/2019\/03\/IMG_5165-1-e1553464450466.jpg?fit=1200%2C371&ssl=1&resize=350%2C200","width":350,"height":200,"srcset":"https:\/\/i0.wp.com\/landeselternverband.de\/wp-content\/uploads\/2019\/03\/IMG_5165-1-e1553464450466.jpg?fit=1200%2C371&ssl=1&resize=350%2C200 1x, https:\/\/i0.wp.com\/landeselternverband.de\/wp-content\/uploads\/2019\/03\/IMG_5165-1-e1553464450466.jpg?fit=1200%2C371&ssl=1&resize=525%2C300 1.5x, https:\/\/i0.wp.com\/landeselternverband.de\/wp-content\/uploads\/2019\/03\/IMG_5165-1-e1553464450466.jpg?fit=1200%2C371&ssl=1&resize=700%2C400 2x, https:\/\/i0.wp.com\/landeselternverband.de\/wp-content\/uploads\/2019\/03\/IMG_5165-1-e1553464450466.jpg?fit=1200%2C371&ssl=1&resize=1050%2C600 3x"},"classes":[]},{"id":72,"url":"https:\/\/landeselternverband.de\/?page_id=72","url_meta":{"origin":70,"position":1},"title":"Ausflugstipps","author":"AdminLEV","date":"24. M\u00e4rz 2019","format":false,"excerpt":"","rel":"","context":"\u00c4hnlicher Beitrag","block_context":{"text":"\u00c4hnlicher Beitrag","link":""},"img":{"alt_text":"","src":"https:\/\/i0.wp.com\/landeselternverband.de\/wp-content\/uploads\/2019\/03\/marc-groth-545333-unsplash-1-e1553420927711.jpg?fit=1200%2C586&ssl=1&resize=350%2C200","width":350,"height":200,"srcset":"https:\/\/i0.wp.com\/landeselternverband.de\/wp-content\/uploads\/2019\/03\/marc-groth-545333-unsplash-1-e1553420927711.jpg?fit=1200%2C586&ssl=1&resize=350%2C200 1x, https:\/\/i0.wp.com\/landeselternverband.de\/wp-content\/uploads\/2019\/03\/marc-groth-545333-unsplash-1-e1553420927711.jpg?fit=1200%2C586&ssl=1&resize=525%2C300 1.5x, https:\/\/i0.wp.com\/landeselternverband.de\/wp-content\/uploads\/2019\/03\/marc-groth-545333-unsplash-1-e1553420927711.jpg?fit=1200%2C586&ssl=1&resize=700%2C400 2x, https:\/\/i0.wp.com\/landeselternverband.de\/wp-content\/uploads\/2019\/03\/marc-groth-545333-unsplash-1-e1553420927711.jpg?fit=1200%2C586&ssl=1&resize=1050%2C600 3x"},"classes":[]},{"id":420,"url":"https:\/\/landeselternverband.de\/?page_id=420","url_meta":{"origin":70,"position":2},"title":"Engagiert &#8211; Karin Kestner","author":"Susann Harnisch","date":"8. Juli 2019","format":false,"excerpt":"Am 4. Juni 2019 ist Karin Kestner gestorben. Sie war eine gro\u00dfartige Frau, die sich f\u00fcr die Interessen der Geh\u00f6rlosen in unserer Gesellschaft stark gemacht hat. Vor allem f\u00fcr Kinder setzte sie sich ein. Sie entwickelte M\u00f6glichkeiten der Geb\u00e4rdensprachf\u00f6rderung durch den PC und sie stritt vor Gerichten gegen Zwangsimplantierungen und\u2026","rel":"","context":"\u00c4hnlicher Beitrag","block_context":{"text":"\u00c4hnlicher Beitrag","link":""},"img":{"alt_text":"","src":"https:\/\/i0.wp.com\/landeselternverband.de\/wp-content\/uploads\/2019\/06\/Kerze-e1559808800783.jpg?fit=1200%2C1087&ssl=1&resize=350%2C200","width":350,"height":200,"srcset":"https:\/\/i0.wp.com\/landeselternverband.de\/wp-content\/uploads\/2019\/06\/Kerze-e1559808800783.jpg?fit=1200%2C1087&ssl=1&resize=350%2C200 1x, https:\/\/i0.wp.com\/landeselternverband.de\/wp-content\/uploads\/2019\/06\/Kerze-e1559808800783.jpg?fit=1200%2C1087&ssl=1&resize=525%2C300 1.5x, https:\/\/i0.wp.com\/landeselternverband.de\/wp-content\/uploads\/2019\/06\/Kerze-e1559808800783.jpg?fit=1200%2C1087&ssl=1&resize=700%2C400 2x, https:\/\/i0.wp.com\/landeselternverband.de\/wp-content\/uploads\/2019\/06\/Kerze-e1559808800783.jpg?fit=1200%2C1087&ssl=1&resize=1050%2C600 3x"},"classes":[]},{"id":153,"url":"https:\/\/landeselternverband.de\/?page_id=153","url_meta":{"origin":70,"position":3},"title":"Veranstaltungen","author":"AdminLEV","date":"25. M\u00e4rz 2019","format":false,"excerpt":"","rel":"","context":"\u00c4hnlicher Beitrag","block_context":{"text":"\u00c4hnlicher Beitrag","link":""},"img":{"alt_text":"","src":"https:\/\/i0.wp.com\/landeselternverband.de\/wp-content\/uploads\/2019\/03\/IMG_7044.jpg?fit=1200%2C674&ssl=1&resize=350%2C200","width":350,"height":200,"srcset":"https:\/\/i0.wp.com\/landeselternverband.de\/wp-content\/uploads\/2019\/03\/IMG_7044.jpg?fit=1200%2C674&ssl=1&resize=350%2C200 1x, https:\/\/i0.wp.com\/landeselternverband.de\/wp-content\/uploads\/2019\/03\/IMG_7044.jpg?fit=1200%2C674&ssl=1&resize=525%2C300 1.5x, https:\/\/i0.wp.com\/landeselternverband.de\/wp-content\/uploads\/2019\/03\/IMG_7044.jpg?fit=1200%2C674&ssl=1&resize=700%2C400 2x, https:\/\/i0.wp.com\/landeselternverband.de\/wp-content\/uploads\/2019\/03\/IMG_7044.jpg?fit=1200%2C674&ssl=1&resize=1050%2C600 3x"},"classes":[]},{"id":211,"url":"https:\/\/landeselternverband.de\/?page_id=211","url_meta":{"origin":70,"position":4},"title":"Ber\u00fchmte Pers\u00f6nlichkeiten","author":"Susann Harnisch","date":"26. M\u00e4rz 2019","format":false,"excerpt":"Nachfolgend m\u00f6chten wir dir gern Personen vorstellen, die geh\u00f6rlos oder h\u00f6rbehindert sind, die aber dennoch bekannt sind. Klick drauf und du erf\u00e4hrst mehr. Prof. Dr. Christian Rathmann Enno Park Julia Probst Kassandra Wedel Alexander G\u00f6rsdorf","rel":"","context":"\u00c4hnlicher Beitrag","block_context":{"text":"\u00c4hnlicher Beitrag","link":""},"img":{"alt_text":"","src":"https:\/\/i0.wp.com\/landeselternverband.de\/wp-content\/uploads\/2019\/03\/IMG_6633-1-e1553633638598.jpg?fit=900%2C1200&ssl=1&resize=350%2C200","width":350,"height":200,"srcset":"https:\/\/i0.wp.com\/landeselternverband.de\/wp-content\/uploads\/2019\/03\/IMG_6633-1-e1553633638598.jpg?fit=900%2C1200&ssl=1&resize=350%2C200 1x, https:\/\/i0.wp.com\/landeselternverband.de\/wp-content\/uploads\/2019\/03\/IMG_6633-1-e1553633638598.jpg?fit=900%2C1200&ssl=1&resize=525%2C300 1.5x, https:\/\/i0.wp.com\/landeselternverband.de\/wp-content\/uploads\/2019\/03\/IMG_6633-1-e1553633638598.jpg?fit=900%2C1200&ssl=1&resize=700%2C400 2x"},"classes":[]},{"id":65,"url":"https:\/\/landeselternverband.de\/?page_id=65","url_meta":{"origin":70,"position":5},"title":"Was gibt&#8217;s Neues?","author":"AdminLEV","date":"24. M\u00e4rz 2019","format":false,"excerpt":"","rel":"","context":"\u00c4hnlicher Beitrag","block_context":{"text":"\u00c4hnlicher Beitrag","link":""},"img":{"alt_text":"","src":"https:\/\/i0.wp.com\/landeselternverband.de\/wp-content\/uploads\/2019\/03\/roman-kraft-260082-unsplash-e1552825200865-1.jpg?fit=1200%2C251&ssl=1&resize=350%2C200","width":350,"height":200,"srcset":"https:\/\/i0.wp.com\/landeselternverband.de\/wp-content\/uploads\/2019\/03\/roman-kraft-260082-unsplash-e1552825200865-1.jpg?fit=1200%2C251&ssl=1&resize=350%2C200 1x, https:\/\/i0.wp.com\/landeselternverband.de\/wp-content\/uploads\/2019\/03\/roman-kraft-260082-unsplash-e1552825200865-1.jpg?fit=1200%2C251&ssl=1&resize=525%2C300 1.5x, https:\/\/i0.wp.com\/landeselternverband.de\/wp-content\/uploads\/2019\/03\/roman-kraft-260082-unsplash-e1552825200865-1.jpg?fit=1200%2C251&ssl=1&resize=700%2C400 2x, https:\/\/i0.wp.com\/landeselternverband.de\/wp-content\/uploads\/2019\/03\/roman-kraft-260082-unsplash-e1552825200865-1.jpg?fit=1200%2C251&ssl=1&resize=1050%2C600 3x"},"classes":[]}],"_links":{"self":[{"href":"https:\/\/landeselternverband.de\/index.php?rest_route=\/wp\/v2\/pages\/70","targetHints":{"allow":["GET"]}}],"collection":[{"href":"https:\/\/landeselternverband.de\/index.php?rest_route=\/wp\/v2\/pages"}],"about":[{"href":"https:\/\/landeselternverband.de\/index.php?rest_route=\/wp\/v2\/types\/page"}],"author":[{"embeddable":true,"href":"https:\/\/landeselternverband.de\/index.php?rest_route=\/wp\/v2\/users\/1"}],"replies":[{"embeddable":true,"href":"https:\/\/landeselternverband.de\/index.php?rest_route=%2Fwp%2Fv2%2Fcomments&post=70"}],"version-history":[{"count":2,"href":"https:\/\/landeselternverband.de\/index.php?rest_route=\/wp\/v2\/pages\/70\/revisions"}],"predecessor-version":[{"id":106,"href":"https:\/\/landeselternverband.de\/index.php?rest_route=\/wp\/v2\/pages\/70\/revisions\/106"}],"wp:featuredmedia":[{"embeddable":true,"href":"https:\/\/landeselternverband.de\/index.php?rest_route=\/wp\/v2\/media\/193"}],"wp:attachment":[{"href":"https:\/\/landeselternverband.de\/index.php?rest_route=%2Fwp%2Fv2%2Fmedia&parent=70"}],"curies":[{"name":"wp","href":"https:\/\/api.w.org\/{rel}","templated":true}]}}

<p>Es ist gut, wenn du dir Zeit nimmst, eine für dich vielleicht neue Welt zu entdecken. Nimm dir Zeit und schau dich um!</p>

Nützliche Links

24. März 2019

Vereine und Verbände: Taubenschlag, das deutsche Portal für Taube und SchwerhörigeStadtverband der Gehörlosen Düsseldorf Bundeselternverband gehörloser Kinder Elternvereinigung hörgeschädigter Kinder Hessen Sprach-Schatz - Bilinguale Bildung für hörbehinderte Kinder und Familien Kultur Kindertheater in Gebärden- und Lautsprache deaf5Sendungen der Mediatheken mit Gebärdensprachdolmetschern

Ähnlicher Beitrag

Am 4. Juni 2019 ist Karin Kestner gestorben. Sie war eine großartige Frau, die sich für die Interessen der Gehörlosen in unserer Gesellschaft stark gemacht hat. Vor allem für Kinder setzte sie sich ein. Sie entwickelte Möglichkeiten der Gebärdensprachförderung durch den PC und sie stritt vor Gerichten gegen Zwangsimplantierungen und…

25. März 2019

Berühmte Persönlichkeiten

26. März 2019

Nachfolgend möchten wir dir gern Personen vorstellen, die gehörlos oder hörbehindert sind, die aber dennoch bekannt sind. Klick drauf und du erfährst mehr. Prof. Dr. Christian Rathmann Enno Park Julia Probst Kassandra Wedel Alexander Görsdorf
